Suppose 0*v = -3*n + 3*v + d, 2*n - 157 = -3*v. What is the highest common factor of 32 and n?
16
Let j be (84/16)/(9/24). Calculate the greatest common divisor of j and 21.
7
Suppose -12 = -4*n - 4. Suppose 10 = 4*x + 2*q, -3*x + q - 2 = -17. Calculate the greatest common divisor of n and x.
2
Suppose -4*h = -7*h + 81. What is the greatest common factor of h and 243?
27
Suppose 0 = 4*d + p - 22, -4*d = -p - 3*p - 32. Let k(i) = -15*i. Let o be k(-4). Calculate the highest common factor of o and d.
6
Suppose h - 7 = 3*d + 3, 0 = 3*d + 6. Suppose -2*i = -h*i + 24. Calculate the highest common divisor of 60 and i.
12
Let m = 19 + -18. Calculate the greatest common divisor of m and 7.
1
Let k(c) be the first derivative of c**4/4 + c**3 - c**2 + 4*c - 2. Let z be k(-3). Suppose -185 - 25 = -3*i. What is the highest common factor of z and i?
10
Let o(a) = 2*a**2 + 5*a - 6. Let s be o(-5). Calculate the highest common factor of 171 and s.
19
Let w be (21/2)/(3/8). Let q be (114/(-10))/((-2)/10). Let p = q + 13. Calculate the greatest common factor of w and p.
14
Suppose 5*l = 10 + 245. Let k be (-6)/15 + 172/5. Calculate the greatest common factor of k and l.
17
Let d(r) = r**3 + 4*r**2 - 7*r - 2. Let h be d(-5). Let m be (-1)/(-4) - (-62)/h. Calculate the greatest common factor of 80 and m.
8
Let r be 0 - (2 - -1)*-1. Suppose r*j = 16 + 68. What is the highest common divisor of j and 4?
4
Suppose 0 = -h - 4 + 10. Suppose -4*i + 8*i - h = -2*s, 3*s - 9 = 2*i. What is the highest common divisor of 3 and s?
3
Suppose 0 = 3*m - 12, -m + 62 = 5*z + 2*m. Calculate the greatest common divisor of z and 110.
10
Suppose c - 6 = -0*c. Suppose 2*a = -4*v + c + 4, 5*v = -5*a + 5. What is the highest common factor of v and 20?
4
Let u be (-4)/18 - 148/(-18). Let y be (-1)/((-21)/(-12) - 2). Suppose 4*c + 3*g = 134, y*c - c - 102 = -3*g. What is the highest common factor of u and c?
8
Suppose 12 = -2*f + 4*f. Calculate the greatest common divisor of 6 and f.
6
Let y = 48 - 45. What is the greatest common divisor of 48 and y?
3
Suppose 0 = 2*o + o - 36. What is the greatest common factor of o and 3?
3
Let t be (-28*1)/(-4)*-1. Let i = 9 - 1. Let o = t + i. Calculate the greatest common factor of o and 2.
1
Let b = 79 + -49. Suppose 4*s = 9 + 3. Suppose -28 = -s*q + 107. What is the highest common factor of b and q?
15
Let c(t) = t - 15. Let j be c(7). Let h = -5 - j. What is the greatest common factor of 27 and h?
3
Let p(u) = -11*u + 1. Let v be p(-3). Let q be (-2)/4 - v/(-4). What is the highest common factor of 32 and q?
8
Suppose -2*n = -23 - 35. Let y = n + -17. What is the highest common factor of 12 and y?
12
Let o = 83 - 13. Suppose 5*d - o = -0*d. What is the highest common divisor of 154 and d?
14
Let m be (18/(-45))/((-1)/5). Calculate the highest common factor of m and 22.
2
Suppose -2*p = -p - 3. Let a(l) = l**2 - l - 2. Let f be a(3). Suppose -4*q - p*b + 25 = -f*b, -4*b + 5 = 5*q. What is the highest common divisor of 1 and q?
1
Let h = 40 + -19. What is the highest common divisor of h and 21?
21
Suppose -t = 2*t - 72. Let l be ((-4)/3)/((-4)/t). What is the greatest common factor of l and 72?
8
Let p be ((-9)/6 + 1)*-4 + 1. What is the highest common divisor of p and 24?
3
Let h be 2/7 - ((-136)/14)/1. Calculate the greatest common factor of 80 and h.
10
Suppose 0 = 4*t - 6*t - 2*o + 10, 4*o - 20 = 2*t. Suppose -4*n - 52 - 36 = t. Let k = -13 - n. What is the greatest common factor of k and 3?
3
Let r(s) = s**3 - 8*s**2 - 6*s - 13. Let d be 320/35 - 2/14. Let v be r(d). Calculate the highest common factor of v and 28.
14
Suppose -2*j + 10 + 4 = -g, 0 = -3*j + g + 20. Let y = 11 - 5. Let f be 14/4*2*y. What is the greatest common factor of j and f?
6
Suppose -11 = -3*y + 13. Let m be 3/(-6)*-3*y. Calculate the highest common divisor of 96 and m.
12
Let l be (-4)/(-12)*-3 - -28. What is the greatest common factor of l and 189?
27
Suppose 5*p = 5*z - 155, -3*z - 3*p - 35 = -140. Let f = -19 + z. Calculate the highest common factor of f and 28.
14
Let c = -47 + 122. Calculate the greatest common divisor of 30 and c.
15
Let i(p) = 2*p**2 - 7*p - 14. Let g be i(7). Calculate the greatest common divisor of 7 and g.
7
Let x be 27*(-2)/8*(-8)/6. Calculate the highest common factor of 99 and x.
9
Suppose 9 = -3*x - 9. Let h(m) = m - 3*m**2 + 2*m**2 - 8 - 10*m. Let t be h(x). Calculate the highest common divisor of 20 and t.
10
Let m = 8 - 2. Let y(k) = 12*k - 6. Let u be y(m). Calculate the highest common factor of u and 22.
22
Let x(w) = -7*w - 3. Let g(p) = -p + 2. Let i be g(4). Let f be x(i). Let a be 35/3 + 4/(-6). Calculate the greatest common divisor of a and f.
11
Let i be 62/8 - 3/(-12). Let g(j) = j**3 - 6*j**2 - 11*j + 4. Let x be g(i). Calculate the greatest common factor of x and 110.
22
Let k(f) = -f**3 + 4*f**2 + 14*f - 9. Let r be k(6). Suppose 0*q - r*w = 2*q + 11, -q + 7 = -w. What is the greatest common divisor of 2 and q?
2
Let a = 1 + 29. Calculate the greatest common factor of a and 10.
10
Suppose a = -a + 6. Let j = -6 + 19. Suppose a*l - 23 = j. What is the highest common divisor of 84 and l?
12
Let g(c) = -12*c + 33. Let z be g(-11). What is the greatest common factor of 15 and z?
15
Let o = -55 + 83. Suppose -4*p + 4 = -m, -2*m + 16 = -0*m + 4*p. Suppose 0*u + m = u. What is the greatest common divisor of o and u?
4
Suppose 351*q + 10 = 353*q. Calculate the highest common divisor of q and 25.
5
Suppose 0 = -4*c + 2*c - 22. Let f(i) = -i - 5. Let h be f(c). Calculate the highest common divisor of h and 6.
6
Suppose 4*t = 4*l - 4, -4*l - 8 = -2*t + 4*t. Let d = t + 2. Let u be d - 1 - -32 - -1. Calculate the greatest common divisor of u and 48.
16
Let j be ((-19)/(-2))/(4/8). Calculate the highest common divisor of j and 76.
19
Let s be -3 + (-404)/(-4) - -1. Suppose 5*q = 2*q + 120. Suppose 4*d + 4 - q = 0. What is the greatest common divisor of s and d?
9
Let k = 29 + -12. Let g be (-42)/4*(-68)/6. What is the greatest common divisor of g and k?
17
Let w be 14 - (-12 + 0)/(-4). Let y be (-612)/(-22) - (-2)/w. Let d = 215 + -145. What is the highest common factor of d and y?
14
Suppose 5*n - 2*z = 6 + 38, -z = 2*n - 14. Let o = 12 - n. Suppose 4*s = 3*j + j - 64, -s = -5*j + 64. What is the highest common factor of j and o?
4
Suppose 4*u + 6 - 18 = 0. Let g be (-28)/(-6) + u/9. Suppose -3*y - 4 = -g*y. Calculate the greatest common factor of y and 14.
2
Let f(q) = -41*q - 2. Let z be f(-1). Calculate the highest common divisor of z and 156.
39
Let x be (2 + -4)*1*-2. Suppose -3*y = -b + 37 + x, 3*b - y - 107 = 0. Let n(r) = -3*r - 1. Let j be n(-5). Calculate the highest common divisor of j and b.
7
Suppose 5*r = 2*r - 5*l + 20, -2*l + 46 = 5*r. Suppose 0 = 192*z - 187*z - 250. Calculate the greatest common factor of z and r.
10
Let t = 124 + -105. What is the greatest common factor of 247 and t?
19
Let z = 35 - 15. Suppose -w = -s + 54, 5*s = 2*s + 4*w + 166. Suppose 0 = -g + 2*g - s. What is the highest common divisor of g and z?
10
Let s = -162 + 282. Let o(m) = 3*m + 8. Let j be o(-6). Let w = 5 - j. Calculate the highest common divisor of s and w.
15
Let j be (18 - 6)*(1 - -9). Calculate the highest common divisor of 24 and j.
24
Suppose 2*s - 356 = r - 6*r, 226 = 3*r - 5*s. Calculate the greatest common divisor of 180 and r.
36
Let o = -3 + 5. Suppose 3*a + o*c = 32, 5*a = a + 2*c + 38. Let d(i) = 5*i**2 - 2*i + 1. Let g be d(1). Calculate the greatest common factor of g and a.
2
Let n(y) = 3*y + 74. Let r be n(-20). Suppose -2*p = -4*p + 56. What is the highest common divisor of r and p?
14
Suppose 0 = -2*t + t + 3. Suppose 4*v + t*n = 76, 76 = 5*v - 0*v - n. Let z(g) = g**2 + 6*g + 9. Let m be z(-7). What is the highest common factor of v and m?
16
Suppose 2*j + 18 = 2*x, -x + 12 = -4*j - 9. Suppose -x = -4*i + 51. Suppose 3*b - 50 = -i. What is the highest common factor of b and 84?
12
Let x be (-194)/(-3) + 7/21. What is the highest common divisor of x and 5?
5
Let o(k) = 2*k**2 + k**3 + 2 - 13*k**2 + 5*k**2. Let r be o(6). Let v be r + -4 + 1 - -3. Calculate the greatest common factor of v and 18.
2
Let g = 30 + -16. What is the highest common divisor of 2 and g?
2
Suppose 0 = -2*z + 3*z + 4. Let f be 81/4 - (-1)/z. 